{"id":16989,"date":"2021-10-16T14:24:37","date_gmt":"2021-10-16T14:24:37","guid":{"rendered":"https:\/\/mechanikbiecz.pl\/sklep\/?post_type=product&#038;p=16989"},"modified":"2021-10-16T14:24:37","modified_gmt":"2021-10-16T14:24:37","slug":"filtr-oleju-op-531","status":"publish","type":"product","link":"https:\/\/mechanikbiecz.pl\/sklep\/produkt\/filtr-oleju-op-531\/","title":{"rendered":"Filtr oleju OP 531"},"content":{"rendered":"","protected":false},"excerpt":{"rendered":"<p>Kod: OP 531<br \/>\nRodzaj filtra: Filtr przykr\u0119cany<br \/>\nWysoko\u015b\u0107 (mm): H 132,00<br \/>\n\u015arednica zewn\u0119trzna(mm):A 93,5<br \/>\n\u015arednica wewn\u0119trzna 1 (mm):B 72<br \/>\n\u015arednica wewn\u0119trzna 2 (mm):C 62,5<\/p>\n<p>Rodzaj gwintu\u00a0 \u00a0 \u00a0 \u00a0UNF 3\/4&#8243;-16<\/p>\n<p>Zastosowanie:<\/p>\n<ul class=\"jqs-models-list product-vehicles\">\n<li class=\"manufacturer\">\n<h5 class=\"fixed-heading\">\u00a0Nissan\u00a0<span class=\"muted\">(1)<\/span><\/h5>\n<\/li>\n<li class=\"manufacturer\">\n<h5 class=\"fixed-heading\"><i class=\"icon-chevron-right\"><\/i>\u00a0Opel\u00a0<span class=\"muted\">(18)<\/span><\/h5>\n<\/li>\n<\/ul>\n<p>&nbsp;<\/p>\n","protected":false},"featured_media":16959,"comment_status":"closed","ping_status":"closed","template":"","meta":{"_exactmetrics_skip_tracking":false,"_exactmetrics_sitenote_active":false,"_exactmetrics_sitenote_note":"","_exactmetrics_sitenote_category":0},"product_cat":[1872],"product_tag":[],"class_list":{"0":"post-16989","1":"product","2":"type-product","3":"status-publish","4":"has-post-thumbnail","6":"product_cat-filtry-olejupaliwapowietrzaklimatyzacji","8":"first","9":"instock","10":"taxable","11":"shipping-taxable","12":"purchasable","13":"product-type-simple"},"yoast_head":"<!-- This site is optimized with the Yoast SEO plugin v23.9 - https:\/\/yoast.com\/wordpress\/plugins\/seo\/ -->\n<title>Filtr oleju OP 531 &#8226; Sklep AMB Service<\/title>\n<meta name=\"robots\" content=\"index, follow, max-snippet:-1, max-image-preview:large, max-video-preview:-1\" \/>\n<link rel=\"canonical\" href=\"https:\/\/mechanikbiecz.pl\/sklep\/produkt\/filtr-oleju-op-531\/\" \/>\n<meta property=\"og:locale\" content=\"pl_PL\" \/>\n<meta property=\"og:type\" content=\"article\" \/>\n<meta property=\"og:title\" content=\"Filtr oleju OP 531 &#8226; Sklep AMB Service\" \/>\n<meta property=\"og:description\" content=\"Kod: OP 531 Rodzaj filtra: Filtr przykr\u0119cany Wysoko\u015b\u0107 (mm): H 132,00 \u015arednica zewn\u0119trzna(mm):A 93,5 \u015arednica wewn\u0119trzna 1 (mm):B 72 \u015arednica wewn\u0119trzna 2 (mm):C 62,5  Rodzaj gwintu\u00a0 \u00a0 \u00a0 \u00a0UNF 3\/4&quot;-16  Zastosowanie:    \u00a0Nissan\u00a0(1)    \u00a0Opel\u00a0(18)   &nbsp;\" \/>\n<meta property=\"og:url\" content=\"https:\/\/mechanikbiecz.pl\/sklep\/produkt\/filtr-oleju-op-531\/\" \/>\n<meta property=\"og:site_name\" content=\"Sklep AMB Service\" \/>\n<meta property=\"og:image\" content=\"https:\/\/mechanikbiecz.pl\/sklep\/wp-content\/uploads\/2021\/10\/20211015_112644-scaled.jpg\" \/>\n\t<meta property=\"og:image:width\" content=\"1920\" \/>\n\t<meta property=\"og:image:height\" content=\"886\" \/>\n\t<meta property=\"og:image:type\" content=\"image\/jpeg\" \/>\n<script type=\"application\/ld+json\" class=\"yoast-schema-graph\">{\"@context\":\"https:\/\/schema.org\",\"@graph\":[{\"@type\":\"WebPage\",\"@id\":\"https:\/\/mechanikbiecz.pl\/sklep\/produkt\/filtr-oleju-op-531\/\",\"url\":\"https:\/\/mechanikbiecz.pl\/sklep\/produkt\/filtr-oleju-op-531\/\",\"name\":\"Filtr oleju OP 531 &#8226; Sklep AMB Service\",\"isPartOf\":{\"@id\":\"https:\/\/mechanikbiecz.pl\/sklep\/#website\"},\"primaryImageOfPage\":{\"@id\":\"https:\/\/mechanikbiecz.pl\/sklep\/produkt\/filtr-oleju-op-531\/#primaryimage\"},\"image\":{\"@id\":\"https:\/\/mechanikbiecz.pl\/sklep\/produkt\/filtr-oleju-op-531\/#primaryimage\"},\"thumbnailUrl\":\"https:\/\/mechanikbiecz.pl\/sklep\/wp-content\/uploads\/2021\/10\/20211015_112644-scaled.jpg\",\"datePublished\":\"2021-10-16T14:24:37+00:00\",\"dateModified\":\"2021-10-16T14:24:37+00:00\",\"breadcrumb\":{\"@id\":\"https:\/\/mechanikbiecz.pl\/sklep\/produkt\/filtr-oleju-op-531\/#breadcrumb\"},\"inLanguage\":\"pl-PL\",\"potentialAction\":[{\"@type\":\"ReadAction\",\"target\":[\"https:\/\/mechanikbiecz.pl\/sklep\/produkt\/filtr-oleju-op-531\/\"]}]},{\"@type\":\"ImageObject\",\"inLanguage\":\"pl-PL\",\"@id\":\"https:\/\/mechanikbiecz.pl\/sklep\/produkt\/filtr-oleju-op-531\/#primaryimage\",\"url\":\"https:\/\/mechanikbiecz.pl\/sklep\/wp-content\/uploads\/2021\/10\/20211015_112644-scaled.jpg\",\"contentUrl\":\"https:\/\/mechanikbiecz.pl\/sklep\/wp-content\/uploads\/2021\/10\/20211015_112644-scaled.jpg\",\"width\":1920,\"height\":886,\"caption\":\"Filtr oleju\"},{\"@type\":\"BreadcrumbList\",\"@id\":\"https:\/\/mechanikbiecz.pl\/sklep\/produkt\/filtr-oleju-op-531\/#breadcrumb\",\"itemListElement\":[{\"@type\":\"ListItem\",\"position\":1,\"name\":\"Strona g\u0142\u00f3wna\",\"item\":\"https:\/\/mechanikbiecz.pl\/sklep\/\"},{\"@type\":\"ListItem\",\"position\":2,\"name\":\"Kategorie\",\"item\":\"https:\/\/mechanikbiecz.pl\/sklep\/\"},{\"@type\":\"ListItem\",\"position\":3,\"name\":\"Filtr oleju OP 531\"}]},{\"@type\":\"WebSite\",\"@id\":\"https:\/\/mechanikbiecz.pl\/sklep\/#website\",\"url\":\"https:\/\/mechanikbiecz.pl\/sklep\/\",\"name\":\"Sklep AMB Service\",\"description\":\"Wszystko dla auta!\",\"potentialAction\":[{\"@type\":\"SearchAction\",\"target\":{\"@type\":\"EntryPoint\",\"urlTemplate\":\"https:\/\/mechanikbiecz.pl\/sklep\/?s={search_term_string}\"},\"query-input\":{\"@type\":\"PropertyValueSpecification\",\"valueRequired\":true,\"valueName\":\"search_term_string\"}}],\"inLanguage\":\"pl-PL\"}]}<\/script>\n<!-- \/ Yoast SEO plugin. -->","yoast_head_json":{"title":"Filtr oleju OP 531 &#8226; Sklep AMB Service","robots":{"index":"index","follow":"follow","max-snippet":"max-snippet:-1","max-image-preview":"max-image-preview:large","max-video-preview":"max-video-preview:-1"},"canonical":"https:\/\/mechanikbiecz.pl\/sklep\/produkt\/filtr-oleju-op-531\/","og_locale":"pl_PL","og_type":"article","og_title":"Filtr oleju OP 531 &#8226; Sklep AMB Service","og_description":"Kod: OP 531 Rodzaj filtra: Filtr przykr\u0119cany Wysoko\u015b\u0107 (mm): H 132,00 \u015arednica zewn\u0119trzna(mm):A 93,5 \u015arednica wewn\u0119trzna 1 (mm):B 72 \u015arednica wewn\u0119trzna 2 (mm):C 62,5  Rodzaj gwintu\u00a0 \u00a0 \u00a0 \u00a0UNF 3\/4\"-16  Zastosowanie:    \u00a0Nissan\u00a0(1)    \u00a0Opel\u00a0(18)   &nbsp;","og_url":"https:\/\/mechanikbiecz.pl\/sklep\/produkt\/filtr-oleju-op-531\/","og_site_name":"Sklep AMB Service","og_image":[{"width":1920,"height":886,"url":"https:\/\/mechanikbiecz.pl\/sklep\/wp-content\/uploads\/2021\/10\/20211015_112644-scaled.jpg","type":"image\/jpeg"}],"schema":{"@context":"https:\/\/schema.org","@graph":[{"@type":"WebPage","@id":"https:\/\/mechanikbiecz.pl\/sklep\/produkt\/filtr-oleju-op-531\/","url":"https:\/\/mechanikbiecz.pl\/sklep\/produkt\/filtr-oleju-op-531\/","name":"Filtr oleju OP 531 &#8226; Sklep AMB Service","isPartOf":{"@id":"https:\/\/mechanikbiecz.pl\/sklep\/#website"},"primaryImageOfPage":{"@id":"https:\/\/mechanikbiecz.pl\/sklep\/produkt\/filtr-oleju-op-531\/#primaryimage"},"image":{"@id":"https:\/\/mechanikbiecz.pl\/sklep\/produkt\/filtr-oleju-op-531\/#primaryimage"},"thumbnailUrl":"https:\/\/mechanikbiecz.pl\/sklep\/wp-content\/uploads\/2021\/10\/20211015_112644-scaled.jpg","datePublished":"2021-10-16T14:24:37+00:00","dateModified":"2021-10-16T14:24:37+00:00","breadcrumb":{"@id":"https:\/\/mechanikbiecz.pl\/sklep\/produkt\/filtr-oleju-op-531\/#breadcrumb"},"inLanguage":"pl-PL","potentialAction":[{"@type":"ReadAction","target":["https:\/\/mechanikbiecz.pl\/sklep\/produkt\/filtr-oleju-op-531\/"]}]},{"@type":"ImageObject","inLanguage":"pl-PL","@id":"https:\/\/mechanikbiecz.pl\/sklep\/produkt\/filtr-oleju-op-531\/#primaryimage","url":"https:\/\/mechanikbiecz.pl\/sklep\/wp-content\/uploads\/2021\/10\/20211015_112644-scaled.jpg","contentUrl":"https:\/\/mechanikbiecz.pl\/sklep\/wp-content\/uploads\/2021\/10\/20211015_112644-scaled.jpg","width":1920,"height":886,"caption":"Filtr oleju"},{"@type":"BreadcrumbList","@id":"https:\/\/mechanikbiecz.pl\/sklep\/produkt\/filtr-oleju-op-531\/#breadcrumb","itemListElement":[{"@type":"ListItem","position":1,"name":"Strona g\u0142\u00f3wna","item":"https:\/\/mechanikbiecz.pl\/sklep\/"},{"@type":"ListItem","position":2,"name":"Kategorie","item":"https:\/\/mechanikbiecz.pl\/sklep\/"},{"@type":"ListItem","position":3,"name":"Filtr oleju OP 531"}]},{"@type":"WebSite","@id":"https:\/\/mechanikbiecz.pl\/sklep\/#website","url":"https:\/\/mechanikbiecz.pl\/sklep\/","name":"Sklep AMB Service","description":"Wszystko dla auta!","potentialAction":[{"@type":"SearchAction","target":{"@type":"EntryPoint","urlTemplate":"https:\/\/mechanikbiecz.pl\/sklep\/?s={search_term_string}"},"query-input":{"@type":"PropertyValueSpecification","valueRequired":true,"valueName":"search_term_string"}}],"inLanguage":"pl-PL"}]}},"_links":{"self":[{"href":"https:\/\/mechanikbiecz.pl\/sklep\/wp-json\/wp\/v2\/product\/16989","targetHints":{"allow":["GET"]}}],"collection":[{"href":"https:\/\/mechanikbiecz.pl\/sklep\/wp-json\/wp\/v2\/product"}],"about":[{"href":"https:\/\/mechanikbiecz.pl\/sklep\/wp-json\/wp\/v2\/types\/product"}],"replies":[{"embeddable":true,"href":"https:\/\/mechanikbiecz.pl\/sklep\/wp-json\/wp\/v2\/comments?post=16989"}],"wp:featuredmedia":[{"embeddable":true,"href":"https:\/\/mechanikbiecz.pl\/sklep\/wp-json\/wp\/v2\/media\/16959"}],"wp:attachment":[{"href":"https:\/\/mechanikbiecz.pl\/sklep\/wp-json\/wp\/v2\/media?parent=16989"}],"wp:term":[{"taxonomy":"product_cat","embeddable":true,"href":"https:\/\/mechanikbiecz.pl\/sklep\/wp-json\/wp\/v2\/product_cat?post=16989"},{"taxonomy":"product_tag","embeddable":true,"href":"https:\/\/mechanikbiecz.pl\/sklep\/wp-json\/wp\/v2\/product_tag?post=16989"}],"curies":[{"name":"wp","href":"https:\/\/api.w.org\/{rel}","templated":true}]}}